s the thousands digit of 4284533?
4
What is the ten millions digit of 888376760?
8
What is the units digit of 6865657754?
4
What is the millions digit of 214421895?
4
What is the hundreds digit of 27039775?
7
What is the hundred millions digit of 809988163?
8
What is the thousands digit of 59309790?
9
What is the hundred millions digit of 618446601?
6
What is the hundred millions digit of 3974702258?
9
What is the tens digit of 1247396269?
6
What is the billions digit of 4534300305?
4
What is the thousands digit of 24648046?
8
What is the thousands digit of 236726131?
6
What is the thousands digit of 323971242?
1
What is the ten millions digit of 119023806?
1
What is the hundred thousands digit of 112659936?
6
What is the ten thousands digit of 81358041?
5
What is the thousands digit of 405600459?
0
What is the hundred millions digit of 1949181001?
9
What is the hundred millions digit of 165240021?
1
What is the millions digit of 645687665?
5
What is the hundred thousands digit of 22958897?
9
What is the hundreds digit of 323431981?
9
What is the hundreds digit of 1208894653?
6
What is the units digit of 140230939?
9
What is the units digit of 135236096?
6
What is the thousands digit of 19915350?
5
What is the hundred millions digit of 306119639?
3
What is the hundred thousands digit of 1008499616?
4
What is the ten millions digit of 17844991?
1
What is the tens digit of 64630943?
4
What is the ten thousands digit of 415285?
1
What is the hundreds digit of 34428627?
6
What is the thousands digit of 379673337?
3
What is the ten thousands digit of 12342226?
4
What is the millions digit of 322057612?
2
What is the tens digit of 49110394?
9
What is the hundred thousands digit of 67378581?
3
What is the thousands digit of 1139861452?
1
What is the ten millions digit of 3449654626?
4
What is the thousands digit of 249726572?
6
What is the units digit of 88854484?
4
What is the hundred millions digit of 355121487?
3
What is the tens digit of 15117031?
3
What is the thousands digit of 5563055?
3
What is the hundred thousands digit of 505023?
5
What is the hundred millions digit of 1170469698?
1
What is the billions digit of 1456435623?
1
What is the thousands digit of 44278447?
8
What is the units digit of 68723218?
8
What is the thousands digit of 1415974042?
4
What is the tens digit of 47552769?
6
What is the ten thousands digit of 4150893?
5
What is the tens digit of 5032167976?
7
What is the ten thousands digit of 5854778877?
7
What is the tens digit of 32352301?
0
What is the tens digit of 58979767?
6
What is the ten millions digit of 477893721?
7
What is the thousands digit of 4196291091?
1
What is the thousands digit of 186694284?
4
What is the units digit of 89783303?
3
What is the hundreds digit of 5599831443?
4
What is the units digit of 26252963?
3
What is the ten thousands digit of 1414719421?
1
What is the hundred thousands digit of 434545540?
5
What is the ten millions digit of 3548317427?
4
What is the ten millions digit of 1734751432?
3
What is the ten thousands digit of 1088322745?
2
What is the ten millions digit of 2538899112?
3
What is the ten thousands digit of 960911080?
1
What is the millions digit of 38559828?
8
What is the units digit of 116917678?
8
What is the units digit of 82235057?
7
What is the thousands digit of 87203746?
3
What is the tens digit of 227083730?
3
What is the tens digit of 1486538286?
8
What is the units digit of 1592160791?
1
What is the millions digit of 77110210?
7
What is the millions digit of 46275198?
6
What is the millions digit of 4120096?
4
What is the ten millions digit of 16387452?
1
What is the ten millions digit of 5041608497?
4
What is the ten thousands digit of 460261447?
6
What is the thousands digit of 4401016?
1
What is the hundreds digit of 62935916?
9
What is the units digit of 6693702?
2
What is the ten thousands digit of 240497295?
9
What is the ten thousands digit of 944935307?
3
What is the thousands digit of 19089171?
9
What is the tens digit of 119894843?
4
What is the ten thousands digit of 27996683?
9
What is the hundreds digit of 559900970?
9
What is the units digit of 4030743256?
6
What is the tens digit of 3939085548?
4
What is the hundreds digit of 144509947?
9
What is the ten thousands digit of 101485039?
8
What is the ten millions digit of 836692223?
3
What is the billions digit of 1865891315?
1
What is the hundreds digit of 70699746?
7
What is the units digit of 23799091?
1
What is the hundred millions digit of 411661415?
4
What is the units digit of 243447281?
1
What is the thousands digit of 2801123729?
3
What is the units digit of 145772291?
1
What is the hundred thousands digit of 353371675?
3
What is the millions digit of 9846138?
9
What is the ten thousands digit of 9311821?
1
What is the units digit of 1676147408?
8
What is the tens digit of 179272985?
8
What is the millions digit of 919645062?
9
What is the hundreds digit of 91976419?
4
What is the hundred thousands digit of 2728034760?
0
What is the millions digit of 4891713078?
1
What is the ten millions digit of 1839300135?
3
What is the hundred thousands digit of 533022259?
0
What is the tens digit of 91421215?
1
What is the ten thousands digit of 262480424?
8
What is the ten millions digit of 1112149968?
1
What is the ten thousands digit of 3214147314?
4
What is the thousands digit of 261178754?
8
What is the hundreds digit of 488214790?
7
What is the thousands digit of 63353686?
3
What is the thousands digit of 7900143274?
3
What is the ten thousands digit of 99573093?
7
What is the ten thousands digit of 284917112?
1
What is the thousands digit of 200743769?
3
What is the hundred millions digit of 147085378?
1
What is the ten thousands digit of 50499497?
9
What is the tens digit of 479692135?
3
What is the hundred thousands digit of 208526627?
5
What is the tens digit of 150855247?
4
What is the ten thousands digit of 8663531?
6
What is the ten millions digit of 54680960?
5
What is the ten thousands digit of 12804341?
0
What is the hundred millions digit of 1563100897?
5
What is the hundred thousands digit of 179287749?
2
What is the thousands digit of 2806216361?
6
What is the units digit of 173776506?
6
What is the ten millions digit of 133653872?
3
What is the ten millions digit of 26292165?
2
What is the ten thousands digit of 1013334870?
3
What is the hundreds digit of 77543662?
6
What is the thousands digit of 450592466?
2
What is the billions digit of 1359577375?
1
What is the units digit of 1916924038?
8
What is the hundreds digit of 18148716?
7
What is the hundred thousands digit of 7691432308?
4
What is the billions digit of 3088105470?
3
What is the tens digit of 25985489?
8
What is the units digit of 436309161?
1
What is the hundred millions digit of 277000702?
2
What is the units digit of 257416306?
6
What is the units digit of 927258893?
3
What is the billions digit of 1937494377?
1
What is the ten thousands digit of 26555888?
5
What is the hundred thousands digit of 324441322?
4
What is the tens digit of 61957965?
6
What is the hundreds digit of 5661434?
4
What is the units digit of 381034956?
6
What is the ten thousands digit of 616452786?
5
What is the hundred millions digit of 348979767?
3
What is the hundreds digit of 69433631?
6
What is the ten millions digit of 417884467?
1
What is the ten millions digit of 381669983?
8
What is the hundreds digit of 551180813?
8
What is the tens digit of 1181962092?
9
What is the tens digit of 245041641?
4
What is the units digit of 46513749?
9
What is the thousands digit of 311730849?
0
What is the millions digit of 512012270?
2
What is the ten millions digit of 282929522?
8
What is the ten millions digit of 86097934?
8
What is the units digit of 54331412?
2
What is the hundreds digit of 173915194?
1
What is the units digit of 392655905?
5
What is the ten thousands digit of 1448620529?
2
What is the thousands digit of 131721182?
1
What is the tens digit of 3181449306?
0
What is the thousands digit of 40504606?
4
What is the hundred millions digit of 292185116?
2
What is the tens digit of 75568014?
1
What is the ten millions digit of 57694929?
5
What is the units digit of 4026286420?
0
What is the ten thousands digit of 4560667501?
6
What is the m